c) = c**2 - 19*c + 3. Let z be s(3). Let i = z - -1106. What is the thousands digit of i?
1
Suppose -2*d + 47 = 5*y, -4*y + d = -27 - 8. Let j(o) = 0*o + 0*o**2 + o**2 - 5*o + 21. What is the tens digit of j(y)?
5
Let y(o) = 10*o**3 - 4*o**2 + 5*o - 2. Let h be y(2). Let l = h - 68. Suppose 2*a + 78 = l*a. What is the tens digit of a?
3
Let k = 4820 + -857. What is the thousands digit of k?
3
Let b(c) = -2*c + 21. Let h be b(-4). Let d(j) = h + 5*j + j**2 - 1 + 13*j. What is the units digit of d(-20)?
8
Suppose 1418*z = 1421*z - 9108. What is the thousands digit of z?
3
What is the hundreds digit of 16740313/604 - 2/(-8)?
7
Let u(b) = -b**3 - 16*b**2 - 82*b - 742. What is the tens digit of u(-30)?
1
Suppose 0 = 3*y - 9, 4*l + 4*y = 2*l + 18. Let a be l/(60/(-8))*-5. Suppose -2*b = 0, 3*b - 105 = a*q - 5*q. What is the units digit of q?
5
Let m = 21392 + -18640. What is the tens digit of m?
5
Let y = 64 + -58. Suppose -136 - 194 = y*l. Let p = -41 - l. What is the tens digit of p?
1
What is the ten thousands digit of (-119)/(22015/(-2886))*22370/6?
5
Let d(y) = -y**2 + 21*y + 49. Let l be d(17). Suppose -l = -2*x + 6*a - a, a = -x + 48. What is the units digit of x?
1
Let x(a) = 6*a**2 - 15*a - 13. Suppose 2*g = 4, -3*y + 15 = 3*g - 6. Suppose -h + 10 = -3*z, y*h = 7*z - 4*z - 10. What is the tens digit of x(h)?
1
Suppose 0 = 5*s + 7*s + 1296. What is the tens digit of (-1)/(52/39 + 146/s)?
5
Let x(p) = 45*p**2 + 6*p - 4. Let c(g) = -7*g - 156. Let o be c(-23). What is the units digit of x(o)?
1
Suppose -2*k + 134 = -926. Suppose -o + 526 = y - 4*y, -o + k = -2*y. What is the tens digit of o?
3
Let h = 177 - -491. Let l = h - 69. What is the tens digit of l?
9
Let m(r) = 12*r**2 + 17*r + 38. Let u(l) = -3*l**2 + 2*l - 1. Let k be u(-1). What is the units digit of m(k)?
8
Let p(a) = 5*a**2 + 35*a - 2. Let q(s) = -24*s**2 - 176*s + 12. Let m(f) = 14*p(f) + 3*q(f). What is the units digit of m(-7)?
6
Let w be (0 + -300)*(-44)/(-22). Let v = -232 - w. What is the tens digit of v?
6
What is the hundreds digit of -10 - (-25 + -26371 - 1)?
3
Let x(b) = b - 2. Let m be x(7). Suppose 1 = -v + k, -m*v + 3*k = -k + 4. Suppose -90 = -y - v*y. What is the units digit of y?
0
Let j(m) = 56*m**2 + 133*m - 1235. What is the units digit of j(10)?
5
Let k(u) = -u - 4. Let b(o) = -27*o - 300. Let a(h) = -b(h) + 2*k(h). What is the hundreds digit of a(11)?
5
Let c = -303 + 324. Suppose -54 = -4*i + 2*v, -5*i + 69 = 5*v - c. What is the tens digit of i?
1
Let q(s) = 2*s**2 - 149*s + 356. What is the thousands digit of q(97)?
4
Let a = 22 - -158. Let w be (428/(-16))/((-3)/12). Let j = a - w. What is the tens digit of j?
7
What is the hundreds digit of (-57)/9 + (-10393783)/(-453)?
9
What is the hundreds digit of 21/(-1638)*-12 + (-147951)/(-13)?
3
Let u(q) = -q**3 + 8*q**2 + 4*q + 4. Let m be (-9)/(-6)*(-240)/72. What is the hundreds digit of u(m)?
3
Suppose 16 = -7*u + 16. Suppose u = -2*w - 4*a + 5044, -4 = a - 6. What is the units digit of 14/91 - w/(-26)?
7
Let q = 340 + 24324. What is the tens digit of q?
6
Let x = 55313 - 24657. What is the units digit of x?
6
Let s = 104 - 98. Suppose k - 150 = -s*g + 7*g, 4*k - 572 = -3*g. What is the tens digit of k?
4
Let g be 190/25 - 3/5. Suppose 7230 = g*r + 6. What is the tens digit of r?
3
What is the ten thousands digit of (-2748)/((-26)/364*1)?
3
Suppose 62*n + 245506 - 2895225 = 455365. What is the tens digit of n?
8
Let y be (-11023)/(-4) - (12 - (-539)/(-44)). Suppose -y + 48296 = 45*h. What is the units digit of h?
2
Let l(f) = 2*f**2 + 12*f - 1. Let n be l(-10). Let k = -79 + n. Suppose 5*a - 1058 = 6*b - 5*b, k = 3*a + b - 630. What is the tens digit of a?
1
Let i(h) = 169*h + 248. Let p be i(-8). Let v = 90 - p. What is the thousands digit of v?
1
Let d = -105 + 110. Let q be (d - 1) + (580 - -4). Suppose -9*c + q = -5*c. What is the tens digit of c?
4
Let d(h) = 25*h - 29. Suppose -8*y + 72 = y. What is the tens digit of d(y)?
7
Suppose 3*b - 9747 = -0*b. Suppose -1116 = 3*y - b. What is the hundreds digit of y?
7
Let i(f) be the first derivative of -f**3/3 + 4*f**2 - 15*f + 39. Let g be i(3). Suppose 4*u - q = 176 + 719, g = -3*u + q + 671. What is the tens digit of u?
2
What is the tens digit of ((-36)/(-126))/((-4)/(-21308))?
2
Suppose -k - 4*d - 29 = d, -4*d - 52 = 4*k. Let r be (-2)/k - 121/99. What is the tens digit of r/(1/(-2)) + 71?
7
Let p = -102021 + 149270. What is the thousands digit of p?
7
Suppose -d = 2*t - 1, 4*d + 3*t - 4 = 5. Let v be 3 + 2 - (d + -2 - -2). Suppose -v*j - 4 + 36 = 0. What is the units digit of j?
6
Suppose o + 15690 = 4*i, 5*o - 49 = -59. What is the hundreds digit of i?
9
Let f be ((-451)/44)/((-2)/120). Let a = 1093 - f. What is the hundreds digit of a?
4
Let p be 78/4*52/(-6). Let w = 174 + p. What is the units digit of w?
5
Suppose -11*m - 4*m + 58000 + 32540 = 0. What is the tens digit of m?
3
Let g(l) = 29*l**3 - 22*l**2 + 19*l - 58. What is the units digit of g(6)?
8
Suppose -a = 5*y - 40886, -3*y + 24*a - 19*a + 24498 = 0. What is the units digit of y?
6
Let v = -89 + -145. What is the thousands digit of -3 - (v/15)/((-3)/(-340))?
1
Let n = -8545 + 22437. What is the tens digit of n?
9
Let a(c) = 2*c + 27. Let n be a(-11). Suppose 0 = -n*m - 2 - 3. What is the units digit of 4 + m + (38 - -4)?
5
Let l = -7791 - -11707. What is the thousands digit of l?
3
What is the thousands digit of (94 - -3)/(0 - 2/(-124))?
6
Let h(i) = -120*i**2 + 10*i - 13. Let d be h(3). Let m = d - -1640. What is the tens digit of m?
7
Let s be (-25 + -2)*14/(-21). Let i(p) = p**2 + 7*p - 48. What is the hundreds digit of i(s)?
4
Suppose -34*i - 3589 = -35*i + 4*t, -5*i = -4*t - 17849. What is the thousands digit of i?
3
What is the hundreds digit of (15/(-40) - 227/(-8))/(6/2064)?
6
Let l = -9514 - -17016. What is the units digit of l?
2
Suppose -u + 30 = 5*c, c - 4*c = -4*u + 5. Suppose u*i - 30 = -i. What is the units digit of (-68)/i*80/(-32)?
4
Let h(a) = -a**3 + 24*a**2 - 24*a + 262. What is the hundreds digit of h(-19)?
2
Let b be (1 - 8/12) + (-28)/(-6). Suppose -5*f + l = -32 - 339, 0 = -5*f + b*l + 375. Let i = f - -86. What is the tens digit of i?
6
Let d be (-10)/(-4)*(-372)/(-30) + 1. Suppose 0 = 27*u - d*u + 4915. What is the hundreds digit of u?
9
Suppose -12*y + 123819 - 39694 = -44755. What is the thousands digit of y?
0
Let b = -408 - -150. Let x be ((-8)/(-16))/((-3)/b). Suppose x = k - 9. What is the units digit of k?
2
Suppose -3*d + 5*v + 15665 = 0, -5*d + 2*v = -2*v - 26117. Suppose -79*f - d = -84*f. What is the hundreds digit of f?
0
Let r(o) be the second derivative of 103*o**3/6 - o**2/2 + 17*o. Let i be r(6). Suppose 5*u + i = 4*m, -3*m - 2*u = u - 456. What is the tens digit of m?
5
Let q(h) = h**3 + 14*h**2 + 15*h + 31. Let u be q(-13). Suppose v + s + 1 = 0, -4 = -u*v + 3*s + s. What is the units digit of -6 + 4 + 4*(v + 6)?
2
Let k = -39946 + 83946. What is the tens digit of k?
0
Let o(y) = -13*y**3 - y**2 + y + 1. Let g be o(-1). Let k(r) = -g*r + 27*r**2 - 22*r**2 + 7 + 0 - 5*r. What is the units digit of k(6)?
5
Let v = -5085 - -11466. What is the tens digit of v?
8
Suppose -26 = -16*a + 6. Suppose 5*x + a*g - 1619 = 0, x - 4*g - 1607 = -4*x. What is the tens digit of x?
2
Let b(u) = -34 - 6*u**2 - 52*u + 4*u**2 - 12. Let k be b(-25). What is the tens digit of (-1)/2*(-412 + k)?
0
Let y = 8702 - 2840. What is the thousands digit of y?
5
Suppose -185*b = -182*b - 4*a - 130766, a + 87184 = 2*b. What is the hundreds digit of b?
5
Let h(f) = 9*f**3 + 299*f**2 - 42*f - 68. What is the tens digit of h(-27)?
9
Let g = 41 - 36. Suppose -2*c - s + 281 = 0, -251 = -c - c + g*s. Suppose 0 = i + 2*i + 5*d - 105, 5*i - c = 4*d. What is the tens digit of i?
3
What is the thousands digit of (-153)/(-255) + (-788532)/(-30)?
6
Let v = 388 + -563. What is the hundreds digit of (32*33/(-30))/(14/v)?
4
Suppose 11*q + 6 = 14*q. Suppose 8 - 6 = q*r. What is the tens digit of (-12)/14 + r + (-2516)/(-28)?
9
Let p(c) = 4*c**3 - 23*c**2 - 2104*c - 57. What is the thousands digit of p(36)?
1
Let r(f) = f**2 + 9*f - 10. Let m be r(-9). Let t be ((-4605)/m)/((-6)/(-4)). Suppose -5*y - 2*j + t = 0, 2*j - 1 = j. What is the tens digit of y?
6
Let x(i) = 37*i**2 + 66*i - 662. What 